e number?
False
Is 37064353 a composite number?
False
Is 721393 prime?
False
Is 9484157 a composite number?
False
Is 1989193 a composite number?
False
Is 1045571 prime?
True
Is 6952207 composite?
False
Is 1856333 a composite number?
False
Is 8942387 prime?
False
Is 18540469 a prime number?
False
Is 1739707 prime?
False
Is 176661131 composite?
False
Is 1324261 a prime number?
True
Is 889253315 prime?
False
Is 151157 a composite number?
False
Is 5773631 prime?
True
Is 5169317 prime?
True
Is 126449243 a composite number?
True
Is 50935867 a composite number?
False
Is 20743377 prime?
False
Is 12160103 composite?
False
Is 2955143 a prime number?
False
Is 4012291 prime?
False
Is 73445167 composite?
False
Is 147415839 prime?
False
Is 2655887 prime?
False
Is 58291837 prime?
True
Is 10103285 prime?
False
Is 716713735 a composite number?
True
Is 923101 a prime number?
False
Is 312093827 a composite number?
False
Is 3791422 prime?
False
Is 4258407 composite?
True
Is 37471237 prime?
True
Is 1315907 prime?
True
Is 56010763 a composite number?
True
Is 3448023 prime?
False
Is 15780169 prime?
True
Is 8065067 a composite number?
False
Is 13304849 prime?
False
Is 7245647 composite?
True
Is 23783561 a composite number?
True
Is 1700998405 a composite number?
True
Is 160989407 a composite number?
False
Is 39265033 composite?
False
Is 267937 a composite number?
True
Is 1893643 a composite number?
False
Is 35403323 prime?
True
Is 88856371 a composite number?
False
Is 108711419 a composite number?
False
Is 2001581 a composite number?
False
Is 253617641 prime?
True
Is 212987 composite?
False
Is 38918221 a composite number?
False
Is 75322921 a composite number?
True
Is 3880915 composite?
True
Is 8812697 prime?
False
Is 393723929 a composite number?
False
Is 3207877 a prime number?
False
Is 254990383 a composite number?
False
Is 12225481 prime?
False
Is 15835199 a composite number?
False
Is 52834711 prime?
True
Is 705713 a prime number?
True
Is 64319897 prime?
True
Is 68546587 a composite number?
True
Is 47775811 prime?
True
Is 27011827 a prime number?
False
Is 48230733 a prime number?
False
Is 21303901 a composite number?
False
Is 797869 composite?
False
Is 1763794 composite?
True
Is 10793261 composite?
False
Is 9522163 a composite number?
True
Is 400733419 a prime number?
True
Is 44851123 composite?
False
Is 193494503 prime?
True
Is 57580099 composite?
False
Is 4719167 composite?
False
Is 281701793 prime?
True
Is 1571069 composite?
True
Is 15689941 a composite number?
False
Is 3832111 a prime number?
True
Is 2250257 a prime number?
True
Is 48999827 composite?
False
Is 62257817 a composite number?
False
Is 456408886 prime?
False
Is 63560713 a prime number?
False
Is 87406927 a prime number?
False
Is 29152721 a composite number?
True
Is 27672557 prime?
False
Is 34641179 a composite number?
True
Is 1496983 composite?
True
Is 11358521 a prime number?
True
Is 182284699 a composite number?
True
Is 16236589 prime?
True
Is 9670987 prime?
True
Is 513871 a composite number?
False
Is 5650639 composite?
True
Is 121341457 prime?
True
Is 1179637 prime?
True
Is 411670687 a prime number?
True
Is 16405811 composite?
False
Is 153262713 a composite number?
True
Is 11992703 composite?
False
Is 24026903 a composite number?
False
Is 647783 a composite number?
False
Is 79969387 composite?
False
Is 436116157 prime?
True
Is 2598367 a prime number?
True
Is 19046659 prime?
False
Is 667987 a prime number?
True
Is 26063063 a composite number?
True
Is 334834361 a composite number?
False
Is 474352517 a prime number?
True
Is 44225813 prime?
True
Is 7920089 a composite number?
True
Is 7054043 a prime number?
True
Is 236851603 prime?
False
Is 3633847 a prime number?
False
Is 2782441 a composite number?
True
Is 343001783 composite?
True
Is 958519 a composite number?
False
Is 854849 prime?
True
Is 2944229 composite?
False
Is 3623761 a composite number?
True
Is 13557367 prime?
True
Is 1793219 prime?
True
Is 2239199 prime?
False
Is 590173 composite?
True
Is 13106747 a prime number?
True
Is 378514781 a composite number?
False
Is 55320437 prime?
True
Is 21698191 a composite number?
False
Is 85987322 a prime number?
False
Is 5265811 a prime number?
False
Is 56076509 composite?
False
Is 1681349 a prime number?
True
Is 15220565 composite?
True
Is 89003909 prime?
True
Is 6093371 a prime number?
True
Is 15120899 a prime number?
True
Is 2825521 composite?
False
Is 616133 a composite number?
True
Is 80551463 a composite number?
False
Is 214957957 a composite number?
True
Is 155459137 a prime number?
True
Is 376990391 a composite number?
False
Is 101480149 a prime number?
False
Is 5319542 composite?
True
Is 2335759 a composite number?
True
Is 149206699 a composite number?
True
Is 8797289 a prime number?
True
Is 110482051 a composite number?
True
Is 3123557 composite?
False
Is 27681322 composite?
True
Is 1648523 a prime number?
True
Is 20403727 prime?
True
Is 527698599 a composite number?
True
Is 52756459 prime?
False
Is 329057 composite?
True
Is 20677201 a composite number?
False
Is 2439509 a prime number?
False
Is 1769863 composite?
False
Is 15868103 a composite number?
False
Is 19274887 a prime number?
False
Is 5096911 composite?
False
Is 327795781 composite?
False
Is 96163073 a prime number?
True
Is 86365337 a prime number?
True
Is 1282569683 a prime number?
True
Is 2555086 a prime number?
False
Is 34858101 composite?
True
Is 246129361 a composite number?
False
Is 7473997 prime?
False
Is 84082795 prime?
False
Is 53082103 composite?
False
Is 579931 a prime number?
False
Is 172147 prime?
True
Is 3854111 prime?
True
Is 20671239 a prime number?
False
Is 284003161 a composite number?
True
Is 220517 prime?
False
Is 723650813 composite?
False
Is 5120629 prime?
True
Is 3358241 composite?
True
Is 106803989 a prime number?
True
Is 13432385 prime?
False
Is 35702903 prime?
True
Is 1307535659 composite?
False
Is 12349661 prime?
True
Is 130820371 a composite number?
True
Is 1412893 a composite number?
False
Is 14634278 composite?
True
Is 908195 a prime number?
False
Is 471467 composite?
False
Is 136028489 a prime number?
True
Is 426611 prime?
True
Is 1034147 a prime number?
True
Is 3173947 composite?
True
Is 33864499 a composite number?
False
Is 111264043 composite?
True
Is 4444427 composite?
True
Is 79261201 a prime number?
False
Is 26418269 prime?
True
Is 93523327 prime?
True
Is 12766273 composite?
True
Is 16228969 a composite number?
False
Is 352601 a prime number?
True
Is 946123097 a composite number?
True
Is 62789455 a composite number?
True
Is 3284759 composite?
True
Is 16308673 composite?
True
Is 23500657 a composite number?
True
Is 870567 composite?
True
Is 6348371 a prime number?
True
Is 455064679 prime?
True
Is 109717 prime?
True
Is 1375621 prime?
False
Is 4652677 composite?
False
Is 36238337 a prime number?
False
Is 30427 a composite number?
False
Is 35075339 a composite number?
True
Is 63985307 prime?
True
Is 50417 prime?
True
Is 55129397 a composite number?
True
Is 89820079 composite?
False
Is 528053 a composite number?
False
Is 6577607 composite?
False
Is 309233 composite?
True
Is 2866559 a prime number?
False
Is 7033583 prime?
True
Is 85788973 composite?
False
Is 8195971 a prime number?
False
Is 128641013 prime?
False
Is 597400007 composite?
False
Is 35531669 a composite number?
False
Is 25375607 composite?
False
Is 25725937 a prime number?
False
Is 3519127 a prime number?
True
Is 11258011 a prime number?
True
Is 137734627 a composite number?
False
Is 1908407 a prime number?
True
Is 10112143 a composite number?
True
Is 74214401 a composite number?
True
Is 42461491 a composite number?
False
Is 14653171 a prime number?
False
Is 575411449 a prime number?
False
Is 7872581 composite?
True
Is 14348641 prime?
True
Is 20420207 a composite number?
False
Is 268250137 a composite number?
False
Is 1833091981 prime?
False
Is 1030241 composite?
False
Is 8211331 composite?
False
Is 28272443 a composite number?
False
Is 787753 a prime number?
False
Is 14417311 prime?
False
Is 9959793 prime?
False
Is 2289589 a composite number?
True
Is 139142759 composite?
True
Is 118795741 a composite number?
True
Is 496309 a prime number?
False
Is 254761267 prime?
False
Is 3557003 prime?
False
Is 267578243 prime?
True
Is 197506663 a compos